
4
Calculate the highest common divisor of 17752624 and 221.
17
What is the highest common factor of 19214 and 36634?
26
Calculate the highest common factor of 798 and 252000458.
38
What is the greatest common divisor of 82006 and 414412?
626
Calculate the greatest common divisor of 361 and 23718099.
19
What is the greatest common factor of 1668436 and 649?
11
What is the greatest common factor of 18228 and 162378?
186
What is the greatest common divisor of 1820821049 and 166?
83
What is the highest common divisor of 27683 and 1086705?
589
Calculate the highest common factor of 694494 and 30.
6
Calculate the greatest common factor of 1622 and 334396386.
1622
Calculate the highest common divisor of 24 and 3032040696.
24
Calculate the greatest common factor of 126903 and 3297.
21
What is the greatest common divisor of 689035 and 51395?
95
Calculate the highest common factor of 9984 and 78240.
96
Calculate the highest common factor of 116148032 and 55.
11
Calculate the highest common divisor of 4570992 and 9396.
324
Calculate the highest common divisor of 61587872 and 6256.
272
Calculate the greatest common factor of 1094 and 1383573595.
547
What is the greatest common factor of 44 and 33979187?
11
Calculate the highest common factor of 75226 and 72674.
58
What is the greatest common divisor of 1866 and 518238?
6
Calculate the greatest common divisor of 567495112 and 24.
8
What is the highest common factor of 69527 and 980657?
251
What is the highest common divisor of 10252904 and 8?
8
Calculate the greatest common divisor of 151775664 and 48.
48
What is the greatest common factor of 1345 and 13210?
5
What is the highest common divisor of 28614 and 6081479?
251
Calculate the highest common divisor of 238344 and 1752.
24
What is the greatest common factor of 3624645 and 280?
5
Calculate the greatest common factor of 156982907 and 19029.
6343
Calculate the greatest common factor of 267821 and 47401.
107
Calculate the greatest common divisor of 1636800 and 8576.
64
Calculate the greatest common divisor of 70727501 and 82.
41
What is the highest common divisor of 4030020 and 15606?
918
Calculate the highest common factor of 2300 and 3487100.
100
Calculate the highest common factor of 1016 and 17744.
8
Calculate the greatest common divisor of 54 and 631934487.
27
What is the highest common factor of 15 and 611279385?
15
Calculate the greatest common divisor of 192882 and 1936384.
3782
What is the highest common factor of 536 and 677672?
8
What is the greatest common factor of 35889 and 11455427?
1709
Calculate the highest common divisor of 1302 and 41266022.
434
What is the greatest common factor of 640 and 4260?
20
What is the highest common divisor of 314 and 8972?
2
What is the highest common factor of 26 and 36219?
1
What is the greatest common factor of 338730 and 100590?
210
What is the highest common divisor of 138630 and 18?
6
Calculate the greatest common divisor of 25 and 286472090.
5
What is the highest common divisor of 122162 and 1462?
34
What is the greatest common divisor of 1111 and 166526881?
101
Calculate the highest common divisor of 48512 and 16297.
379
What is the greatest common factor of 2242292 and 117?
13
Calculate the greatest common divisor of 531492576 and 72.
24
Calculate the highest common factor of 30652 and 306836.
316
Calculate the greatest common factor of 61312066 and 23.
23
Calculate the greatest common divisor of 484908246 and 2088.
522
Calculate the greatest common factor of 1045494 and 486.
54
What is the greatest common factor of 5126 and 195397994?
5126
Calculate the highest common divisor of 14535 and 40900635.
855
What is the highest common divisor of 77045 and 11875?
95
What is the greatest common factor of 53240 and 25760?
40
What is the greatest common factor of 422073 and 268479?
207
Calculate the greatest common divisor of 17 and 2313417.
1
Calculate the greatest common factor of 2348994 and 1038.
1038
Calculate the greatest common factor of 86200 and 411800.
200
What is the highest common divisor of 768360 and 15158260?
6740
Calculate the highest common factor of 55575 and 179550475.
6175
What is the highest common factor of 21 and 12784992?
3
Calculate the greatest common divisor of 66681741 and 59.
59
What is the greatest common factor of 537018 and 2950?
118
What is the greatest common divisor of 973849 and 64786?
29
Calculate the highest common divisor of 2232 and 936567288.
2232
Calculate the highest common factor of 167321 and 22418.
11
Calculate the highest common factor of 2961 and 8358.
21
Calculate the greatest common divisor of 3102474 and 114.
6
What is the highest common factor of 165519 and 816144?
1041
What is the highest common divisor of 16512334 and 122?
122
Calculate the greatest common factor of 5 and 455925.
5
What is the greatest common factor of 294516 and 173016?
972
Calculate the highest common divisor of 2269262 and 50065.
527
What is the highest common divisor of 9958 and 124449?
13
Calculate the highest common factor of 16641 and 53658.
9
What is the greatest common divisor of 32526 and 56394?
234
What is the highest common divisor of 60749325 and 16211?
559
Calculate the greatest common factor of 1437873 and 651.
93
What is the greatest common divisor of 74450 and 119050?
50
Calculate the greatest common factor of 296 and 322335416.
296
Calculate the greatest common factor of 35438016 and 432.
48
What is the highest common divisor of 3193 and 9308625?
103
What is the highest common factor of 3835710 and 33948?
414
What is the greatest common factor of 148 and 28760581?
37
What is the greatest common factor of 1410406 and 10856?
46
What is the highest common divisor of 12143734 and 8614?
118
Calculate the greatest common factor of 32317 and 275854110.
1901
Calculate the greatest common factor of 7665 and 668920.
35
What is the highest common divisor of 10455127 and 814?
37
Calculate the highest common divisor of 1509668 and 9996.
68
What is the highest common divisor of 1535060 and 220?
20
Calculate the greatest common divisor of 18171 and 25569.
27
Calculate the highest common divisor of 2 and 1340986.
2
Calculate the highest common divisor of 28889208 and 846.
846
Calculate the highest common factor of 2848788 and 684.
36
Calculate the highest common factor of 137750 and 1037250.
250
Calculate the greatest common divisor of 12125 and 5475165.
485
What is the highest common divisor of 327639 and 7761?
39
Calculate the highest common divisor of 441096 and 6828.
12
Calculate the greatest common factor of 7088819 and 3205.
641
What is the greatest common divisor of 299 and 3071744?
13
What is the greatest common divisor of 4219919 and 2013?
671
Calculate the highest common factor of 989941169 and 49.
49
What is the greatest common factor of 1386 and 12257289?
99
What is the greatest common divisor of 1353 and 484989?
123
What is the greatest common factor of 1840286 and 574?
14
What is the highest common divisor of 591064 and 112?
8
What is the highest common divisor of 45071741 and 10736?
671
What is the greatest common divisor of 236727252 and 32734?
2518
What is the highest common divisor of 224185 and 35?
5
What is the greatest common factor of 274754 and 40409?
17
What is the highest common divisor of 363 and 337745606?
121
What is the highest common factor of 10527 and 619054271?
3509
Calculate the greatest common factor of 1252 and 60636864.
1252
Calculate the greatest common factor of 3174966 and 58581.
207
What is the highest common divisor of 1448 and 424636136?
1448
What is the greatest common factor of 1515748 and 1415?
283
What is the highest common factor of 160613 and 34229?
2633
What is the greatest common factor of 995715 and 657?
9
Calculate the highest common divisor of 31571 and 262.
131
Calculate the highest common divisor of 7531 and 816.
17
What is the greatest common factor of 30 and 2908280?
10
What is the highest common divisor of 132 and 394035696?
12
Calculate the highest common divisor of 4173 and 3378882273.
4173
What is the highest common divisor of 6975555 and 14076?
69
What is the highest common factor of 1507708 and 28?
4
Calculate the highest common divisor of 468 and 1827852.
156
What is the highest common factor of 136710 and 25743330?
